*d + 22 = 2*x. Let l be (2 - 1)*(3 - 2). Suppose l - x = b. Let s(t) = t**2 + 6*t - 5. Calculate s(b).
-10
Let f(t) = t - 1. Let s(x) = 9*x - 18. Let m(g) = 3*g - 6. Let v(z) = 8*m(z) - 3*s(z). Let a(o) = -12*f(o) - 3*v(o). Determine a(-4).
6
Let t(y) be the first derivative of y + 2/3*y**3 + 1/2*y**4 - y**2 - 2. Calculate t(1).
3
Let v(m) be the second derivative of 3/4*m**4 - 1/3*m**3 - 12*m - 1/20*m**5 + 5*m**2 + 0. Calculate v(9).
-8
Let t(v) be the second derivative of -1/2*v**3 + 1/12*v**4 - 19*v - 3/2*v**2 + 2. Determine t(4).
1
Let a(t) = 5*t**3 + 9*t**2 - 10*t - 12. Let g be -2*((-1)/(-2))/(-2 - -1). Let u(w) = -w**3 - w**2 + w + 1. Let r(c) = g*a(c) + 4*u(c). What is r(-6)?
-8
Let f(d) be the first derivative of -d**3/3 - 2*d**2 + 8*d + 85. Calculate f(-6).
-4
Let x = -55 + 65. Let k(c) be the first derivative of c**2/2 - 9*c - 3. Calculate k(x).
1
Let g(c) = -c**2 + 10*c - 10. Let o(z) = z**2 - 11*z + 11. Let h(q) = -6*g(q) - 5*o(q). Let k be ((-4)/6)/((-4)/24). Determine h(k).
1
Let f = -343 - -340. Let p(r) = 3*r**2 + 3 - r**2 - 3*r**2 - 3*r. Give p(f).
3
Let y(f) = f**3 + 12*f**2 + 9*f - 17. Let r be (-14 - -17) + (0 - 14). What is y(r)?
5
Suppose 4*s + 49 = -y, y + 2 = -y. Let x be 2/s + (-62)/(-12). Let u(r) = -r**3 + 0*r + 6*r + 5*r**2 - x + 2. Give u(6).
-3
Let w(u) = -u**3 + 5 + 1186*u + 9*u**2 - 6*u**2 - 1190*u. Calculate w(4).
-27
Let s = 37/118 - -11/59. Let y(h) be the first derivative of -2 - h + s*h**2. What is y(4)?
3
Suppose 0 = -0*w + 8*w + 8. Let u = -35 + 37. Let y(n) = n**2 - 2*n**3 - n**3 + n - 4*n**3 + 0*n**u. Calculate y(w).
7
Let l be (-30)/(-8) + (-2)/(-8) - 2. Let x(u) = -73*u + 142*u - 3 - u**l - 72*u. Calculate x(-2).
-1
Let u(p) = 2*p - 16. Let i(k) = k**3 - 8*k**2 + 18*k - 3. Let x be i(4). Determine u(x).
-6
Let b(r) = -7*r**2 - r + 4. Let z(m) = m**2 - m + 1. Let f(l) = b(l) + 6*z(l). Determine f(-7).
10
Let z(j) = 4*j - 62 + 8 + 72. What is z(-6)?
-6
Suppose -r + 10 = 2*m, -4*r + m + 22 = -3*r. Let t be -6*(-5)/20*(-52)/(-6). Let g = t - r. Let u(c) = -3*c - 5. What is u(g)?
10
Let v(g) be the second derivative of -4/3*g**3 + 41*g + 0 - 4*g**2 - 1/12*g**4. Determine v(-7).
-1
Let t be 3/9 + (-12)/9. Let q be (t + 3)*(-78)/(-4). Let g(y) = 4 - y - q*y**2 + y + 38*y**2. Calculate g(0).
4
Let m(w) = 2*w**3 - 4*w + 3 - 3 - 3. Let b = -1708 - -1706. What is m(b)?
-11
Let m = 1492 - 1492. Let c(q) = -q**3 - 5. Give c(m).
-5
Let i(v) be the third derivative of -3*v**5/10 + v**4/24 + 3*v**2 - 12*v. Let p(k) = k**3 - 4*k**2 + k + 5. Let n be p(3). Give i(n).
-19
Let r(d) = 3*d**2 - 6*d - 13. Let l(k) = -k**2 + 3*k + 6. Let o(g) = -7*l(g) - 3*r(g). Determine o(-3).
-12
Suppose 4*j = 8*j. Let m = 9 + -3. Let y(i) = -6*i + j*i - i + m + 8*i. Calculate y(-6).
0
Let g(o) = 3*o. Let k be -4*(-12)/8*1. Suppose 0 = 5*l - 4*a + 20, -5*l + 4*a - k*a = -10. Suppose -2*z + 9 - 11 = l. Calculate g(z).
-3
Let n(x) be the first derivative of 2*x**3/3 + 2*x**2 + 3*x + 2. Let w(r) = -r**2 + 11*r - 21. Let s be w(12). Let f = -35 - s. Determine n(f).
3
Let l(u) = -u**3 + 13*u**2 - 20*u + 90. Let f be l(12). Let r(a) = -a**2 - 2*a + 3. Calculate r(f).
-21
Let w(l) = 19*l**3 - 5*l**2 - 7*l + 5. Let m(i) = -28*i**3 + 7*i**2 + 10*i - 7. Let f(q) = -5*m(q) - 7*w(q). Give f(-1).
-6
Let r(g) = g**2 + 3*g - 6. Let t = -21 - -24. Suppose -5 = t*n + 10. Give r(n).
4
Suppose j + 1 = 2. Suppose v = i - j, -v = -4*v - 5*i - 19. Let p be (-3 - v)*(-1 + 2). Let m(w) = w**3 + w**2 - w + 2. Calculate m(p).
2
Let u(t) = -t**3 - t**2 - 2*t + 1. Let f(i) = -2*i**3 + 23*i**2 + 13*i - 15. Let c be f(12). Give u(c).
25
Let z(p) be the third derivative of p**5/60 + p**4/3 - 17*p**3/6 - 5*p**2 + 10. What is z(-9)?
-8
Let d(w) = w**3 + 6*w**2 - 6*w + 6. Let j = 452 + -459. What is d(j)?
-1
Let r(p) = 2*p + 2. Let g = -389 - -391. Give r(g).
6
Let o(w) = 28*w**2 + 26*w - 40. Let c(u) = 13*u**2 + 13*u - 17. Let m(s) = -13*c(s) + 6*o(s). What is m(-11)?
3
Let n(a) be the first derivative of a**3/3 - 7*a**2 + 6*a - 25. Give n(9).
-39
Let r(q) = -4*q + 1 + 2*q - 3*q. Let v(f) = 10*f**2 - 26*f + 18. Let s be v(1). Give r(s).
-9
Let c(y) = -y**3 - 5*y**2 + 2*y + 4. Let d(q) = -2*q**3 - 11*q**2 + 2*q + 7. Let s(n) = -5*c(n) + 2*d(n). Let v be 8/6*(2 - 5). What is s(v)?
2
Let w(y) = y**3 - 3*y**2 + 6*y - 3. Let p be (240/(-42) - -6)*84/6. What is w(p)?
37
Let l(r) be the third derivative of 3*r**6/40 + r**5/60 + 2*r**2 + 1819*r. Let k = 0 - -1. What is l(k)?
10
Let k(q) = -13 - 6*q + 0 + 16. Determine k(6).
-33
Suppose 18*m = -2*m - 40. Let u(a) = 4*a - 111 + 111. Calculate u(m).
-8
Let i(r) = 2*r**3 + 5*r**2 + 2*r + 8. Suppose 0 = q - 1, m = -5*q + q. Give i(m).
-48
Let n(t) = -3 + t**2 - 4*t - 3 - 7 + 14. Suppose -20 = -2*z + 4*x, 5*z - 25 + 7 = 2*x. Give n(z).
-3
Let j = -35 + 33. Let i(o) = 50*o + 15. Let y(h) = -17*h - 5. Let n(m) = -6*i(m) - 17*y(m). Let s(c) = -6*c - 3. Let g(d) = 3*n(d) - 5*s(d). Give g(j).
6
Let i(t) = 1 - 11*t - 7*t - 13*t - 4*t + 43*t. Calculate i(-3).
-23
Suppose 0 = 3*u - 3*k - 6, 7*u - 6*u = -4*k + 7. Let v(t) = 11*t**2 - t - 25*t**2 - u + 15*t**2. Calculate v(-4).
17
Let o(a) be the third derivative of a**4/24 + 145*a**2 - 2. Calculate o(5).
5
Let c(y) = -3064*y + y**2 + 2 + 3064*y. What is c(3)?
11
Suppose 2*s + 4*q + q - 14 = 0, s - 3*q + 4 = 0. Let y(b) = s*b + 8 - b + 5*b + b**2 + 2*b. What is y(-6)?
-4
Let d = -25 + 41. Let x = d + -20. Let v be 1/1 - 16/x. Let q(n) = n - 6. Give q(v).
-1
Let j(g) = -4*g**3 - g**2 - 3*g - 3. Let q be ((-51)/(-34))/(3/(-4)). Let c(x) = 3*x**3 + 2*x**2 + 2*x + 3. Let k(l) = q*j(l) - 3*c(l). What is k(-4)?
-3
Let k(b) be the second derivative of -b**3/3 - 25*b**2/2 - 470*b. Give k(-17).
9
Let s(w) = w - 3. Let p = 635 - 625. What is s(p)?
7
Let w(t) = -16*t**3 - 5*t**2 - 11*t - 9. Let r(m) = -3*m + 16. Let p be r(9). Let c(u) = 3*u**3 + u**2 + 2*u + 2. Let f(v) = p*c(v) - 2*w(v). Give f(0).
-4
Let n(d) = -d**3 + 8*d**2 + 10*d - 1. Let u(i) = i**3 - 7*i**2 - 16*i - 9. Let j be u(9). Give n(j).
8
Let s(q) = -q**3 - 3*q**2 + 4*q + 3. Suppose 0*h = -4*h + 16. Let j = h - 0. Suppose 0 = -j*n - 2 - 14. Determine s(n).
3
Let u(t) = 19*t. Let v(h) = h**3 - 5*h**2 - 17*h + 22. Let q be v(7). Calculate u(q).
19
Let j(v) be the first derivative of v**3/3 - 5*v**2 - 6*v + 104. Calculate j(10).
-6
Let l(d) = -d**3 - 4*d**2 - 8*d - 7. Suppose -b + 10 = -2*n - 3*b, 3*n - 2*b + 15 = 0. Give l(n).
58
Let m(w) be the first derivative of -7*w**2/2 - 6*w + 2. Suppose -67*v = 145 + 123. Calculate m(v).
22
Suppose 4 - 13 = -3*m. Let u(i) be the third derivative of 0*i + 0 + 1/12*i**4 + i**2 - 1/2*i**3. Give u(m).
3
Let m(s) = s - s**2 - 5*s**2 + 1751*s**3 + 0*s**2 + 0*s**2 + 2 - 1750*s**3. Let v = -9 - -15. Give m(v).
8
Let j(r) be the third derivative of -r**4/24 - r**3/2 - 260*r**2. Determine j(-4).
1
Suppose 2*t + 18 = 8*t. Suppose t*p = -p + 20. Let j(x) = -7 + 0*x + 0 + x. Give j(p).
-2
Suppose 4*y + 37 + 18 = c, 2*y + 30 = -2*c. Let n(x) = x**2 + 10*x - 7. What is n(y)?
49
Let w(j) = -j**2 - 49*j - 50*j + 136*j - 33*j. Suppose -x + 5*x - 24 = 0. Calculate w(x).
-12
Let r(h) be the second derivative of h**3/6 + h**2/2 + h - 11. Determine r(1).
2
Let i(g) be the third derivative of -g**4/24 + g**3 - g**2. Let m = -157 + 163. Determine i(m).
0
Let y be 36/8 + (-42)/28. Let u(k) = k**2 - k + 3. Determine u(y).
9
Suppose p + 24 = 6*p - r, 0 = 2*p + 3*r - 13. Let b(u) = u**3 - 9 + 13 - 3*u**2 - 3*u**2 + 5*u - 6. Determine b(p).
-2
Let o(r) be the second derivative of 2*r + 0 - 1/3*r**3 + 1/2*r**2. Let h be 6/(9/(-6) + 0). Give o(h).
9
Let m(v) be the second derivative of -v**4/12 + 11*v**3/6 + 7*v**2/2 - 379*v. Determine m(11).
7
Let f(m) = -m**2 - 20*m + 50. Suppose 0 = -111*x + 129*x + 396. Determine f(x).
6
Let t(s) = -s**3 + 5*s**2 - 6*s + 3. Let f(b) = b**3 + 2*b**2 - 7*b. Let l be f(2). Determine t(l).
3
Let x(t) = t**3 + 8*t**2 - 22*t - 16. Suppose -210 = -16*w + 37*w. What is x(w)?
4
Let q(v) = -3*v + 4. Suppose 2*d + 40 = 4*r + 2, -5*r + 2*d = -46. Determine q(r).
-20
Let i(n) = -n**3 + n**2 - n + 2. Let g be 3 + (-77)/7 + 8. Give i(g).
2
Let q(a) = 3*a + 2. Let l(b) = 16*b + 11. Let i(j) = -2*l(j) + 10*q(j). What is i(0)?
-2
Let k(f) = 2*f + 1. Suppose -9*q + 4*q = 0. What is k(q)?
1
Let i(b) = -b + 4